nd 184.
8
Calculate the highest common factor of 860 and 640.
20
Calculate the highest common divisor of 161 and 126.
7
What is the greatest common factor of 23 and 1127?
23
What is the highest common divisor of 448 and 64?
64
What is the highest common divisor of 68 and 1003?
17
Calculate the greatest common factor of 28 and 84.
28
Calculate the highest common factor of 40 and 136.
8
What is the highest common factor of 24 and 3408?
24
What is the highest common factor of 7 and 1918?
7
Calculate the highest common factor of 118 and 56522.
118
What is the highest common factor of 11 and 55?
11
What is the greatest common divisor of 228 and 18012?
228
Calculate the highest common divisor of 143 and 33.
11
Calculate the highest common factor of 1507 and 1370.
137
Calculate the highest common factor of 9348 and 41.
41
What is the highest common factor of 1813 and 343?
49
What is the greatest common divisor of 276 and 1472?
92
Calculate the greatest common factor of 1022 and 1387.
73
Calculate the highest common factor of 12 and 90996.
12
Calculate the greatest common factor of 8205 and 120.
15
Calculate the highest common factor of 2064 and 144.
48
Calculate the greatest common divisor of 15 and 345.
15
What is the greatest common factor of 248 and 88?
8
What is the highest common divisor of 112 and 2096?
16
Calculate the highest common divisor of 266 and 190.
38
Calculate the greatest common factor of 56 and 1708.
28
Calculate the greatest common divisor of 441 and 9.
9
What is the greatest common factor of 305 and 122?
61
Calculate the greatest common factor of 996 and 456.
12
Calculate the greatest common divisor of 1431 and 81.
27
What is the highest common factor of 12 and 129?
3
Calculate the highest common divisor of 175 and 280.
35
Calculate the greatest common divisor of 121 and 61.
1
What is the highest common factor of 532 and 4?
4
What is the greatest common factor of 17650 and 350?
50
Calculate the greatest common divisor of 8 and 488.
8
What is the greatest common factor of 17 and 425?
17
What is the greatest common divisor of 216 and 696?
24
Calculate the highest common divisor of 1107 and 54.
27
Calculate the greatest common divisor of 114 and 38.
38
What is the greatest common divisor of 42 and 6018?
6
What is the highest common factor of 325 and 1040?
65
Calculate the greatest common divisor of 56 and 7.
7
Calculate the highest common factor of 1 and 246.
1
Calculate the highest common factor of 53 and 9063.
53
Calculate the greatest common factor of 20 and 6940.
20
What is the greatest common factor of 30 and 258?
6
Calculate the greatest common factor of 7 and 336.
7
Calculate the highest common divisor of 882 and 36.
18
Calculate the greatest common factor of 126 and 903.
21
What is the highest common divisor of 1057 and 453?
151
What is the greatest common divisor of 332 and 11122?
166
What is the highest common divisor of 140 and 160?
20
Calculate the greatest common divisor of 88 and 40.
8
Calculate the highest common divisor of 120 and 150.
30
Calculate the greatest common divisor of 1589 and 7.
7
Calculate the greatest common factor of 7345 and 65.
65
What is the highest common factor of 81 and 11?
1
Calculate the greatest common factor of 58 and 754.
58
What is the greatest common divisor of 1001 and 18161?
143
Calculate the highest common divisor of 5997 and 3.
3
What is the highest common divisor of 298 and 3725?
149
Calculate the greatest common divisor of 42 and 3.
3
Calculate the greatest common factor of 216 and 234.
18
What is the highest common divisor of 5 and 2165?
5
Calculate the highest common factor of 3213 and 924.
21
Calculate the greatest common divisor of 18 and 189.
9
What is the greatest common divisor of 108 and 1242?
54
What is the greatest common divisor of 989 and 559?
43
Calculate the highest common factor of 352 and 143.
11
What is the highest common divisor of 232 and 638?
58
Calculate the greatest common divisor of 37 and 11766.
37
Calculate the greatest common factor of 299 and 391.
23
What is the greatest common factor of 148 and 8?
4
Calculate the greatest common factor of 336 and 315.
21
What is the greatest common factor of 1159 and 61?
61
Calculate the greatest common divisor of 10 and 9830.
10
Calculate the highest common divisor of 9 and 1611.
9
What is the greatest common divisor of 20 and 620?
20
What is the highest common factor of 231 and 4818?
33
Calculate the highest common divisor of 53 and 4452.
53
Calculate the highest common divisor of 3366 and 198.
198
What is the greatest common divisor of 2 and 1663?
1
Calculate the greatest common factor of 8 and 534.
2
What is the highest common factor of 6 and 30?
6
Calculate the highest common divisor of 1225 and 539.
49
What is the greatest common divisor of 1 and 19?
1
Calculate the highest common divisor of 2106 and 26.
26
What is the highest common factor of 4347 and 108?
27
Calculate the highest common factor of 3849 and 9.
3
What is the greatest common divisor of 50 and 760?
10
Calculate the greatest common factor of 4745 and 39.
13
What is the greatest common factor of 84 and 1659?
21
Calculate the highest common factor of 28 and 126.
14
Calculate the greatest common factor of 72 and 126.
18
What is the highest common divisor of 798 and 1302?
42
What is the highest common divisor of 7 and 2828?
7
What is the greatest common divisor of 25 and 200?
25
What is the greatest common divisor of 9 and 12?
3
Calculate the greatest common factor of 393 and 12.
3
Calculate the greatest common factor of 126 and 36.
18
What is the greatest common divisor of 2786 and 14?
14
Calculate the greatest common factor of 108 and 36.
36
Calculate the highest common divisor of 257 and 1.
1
Calculate the greatest common factor of 27 and 69.
3
Calculate the greatest common divisor of 2523 and 957.
87
Calculate the greatest common factor of 9 and 225.
9
What is the highest common divisor of 10 and 22520?
10
Calculate the greatest common factor of 138 and 19182.
138
Calculate the highest common factor of 592 and 32.
16
Calculate the highest common factor of 83484 and 108.
108
What is the highest common divisor of 676 and 13?
13
What is the greatest common factor of 324 and 2997?
81
What is the highest common divisor of 60 and 36?
12
What is the greatest common divisor of 945 and 105?
105
What is the greatest common factor of 80 and 992?
16
What is the greatest common divisor of 735 and 1?
1
What is the greatest common factor of 544 and 32?
32
What is the highest common factor of 20403 and 9?
9
What is the greatest common factor of 244 and 5?
1
Calculate the highest common divisor of 261 and 609.
87
What is the highest common divisor of 905 and 1267?
181
Calculate the greatest common divisor of 9976 and 1856.
232
Calculate the greatest common factor of 324 and 1053.
81
Calculate the greatest common factor of 11711 and 147.
49
Calculate the greatest common divisor of 80 and 2420.
20
What is the highest common divisor of 3843 and 126?
63
Calculate the greatest common divisor of 10 and 41390.
10
What is the highest common factor of 21 and 105?
21
Calculate the highest common divisor of 1334 and 138.
46
Calculate the greatest common factor of 487 and 61849.
487
Calculate the highest common divisor of 675 and 450.
225
Calculate the greatest common factor of 120 and 330.
30
Calculate the greatest common divisor of 11 and 704.
11
What is the greatest common factor of 31 and 837?
31
What is the greatest common factor of 58 and 2146?
58
Calculate the greatest common divisor of 47448 and 24.
24
What is the highest common factor of 47 and 11?
1
What is the highest common factor of 50 and 280?
10
What is the highest common factor of 110 and 605?
55
Calculate the highest common factor of 2890 and 10.
10
Calculate the highest common factor of 26 and 247.
13
Calculate the greatest common factor of 2006 and 238.
34
Calculate the greatest common divisor of 1746 and 1261.
97
Calculate the greatest common divisor of 6720 and 2730.
210
Calculate the greatest common divisor of 133 and 42.
7
Calculate the highest common factor of 11 and 56595.
11
What is the highest common divisor of 222 and 74?
74
What is the greatest common factor of 696 and 2349?
87
What is the greatest 